 -490 - -971. Is x a composite number?
True
Suppose -2*t + 2*i + 528 = 0, t + 68 = -5*i + 314. Suppose 3*n - 2*r + 3*r = t, -3*r - 174 = -2*n. Is n a prime number?
False
Suppose 8*z + 60 = 13*z. Let l = 43 - z. Is l a composite number?
False
Let y(b) = -7 + 3*b**2 - 2*b**3 + 10*b - 4*b**2 - 12*b**2. Let z be y(-10). Let o = 846 - z. Is o prime?
False
Is 1617 - (35/(-25) - 4/(-10)) a prime number?
False
Suppose 1572 = 2*n - 3*f, -2*f = -7*f + 10. Is n prime?
False
Suppose -b = -275 - 144. Is b a composite number?
False
Let v be (-1 - -2)/(4 + -3). Is -3 + (518 + -3 - v) prime?
False
Let q(m) = 108*m**3 - m**2 - 2*m - 1. Let p be q(-1). Let v = 431 + p. Is v a prime number?
False
Let p = 19 + -7. Suppose p = -4*n - 12. Let d(k) = 3*k**2 + 5*k + 5. Is d(n) prime?
True
Suppose n = -n + 110. Suppose 0 = 2*l + d + 37, -d - 46 - 11 = 3*l. Let w = n + l. Is w a prime number?
False
Is -1270*(20/8 + -3) a composite number?
True
Suppose -15 = -5*y + 2*y. Suppose 0 = 2*b - 5*z - 6, 8 = y*z - 3*z. Is b a composite number?
False
Suppose z = -5*o - 3*z + 3777, -2262 = -3*o - z. Is o a prime number?
False
Let y(u) = -3*u**3 + 3. Let c(j) = -j**3 - j**2 - j - 1. Let s(z) = 2*c(z) + y(z). Is s(-2) composite?
False
Is 1178 + -16 + 1 + -1 + 1 a composite number?
False
Suppose -6*l + 1948 = -2*l + 2*u, 2*l = 5*u + 950. Is l a composite number?
True
Let y = 2481 + -1504. Is y prime?
True
Suppose -5*q - 5*b + 18790 = 0, 0 = q - 4*q - 4*b + 11269. Is q composite?
True
Suppose -5*y = 2*t + 3*t, 6 = 4*t + 2*y. Suppose 2*l - h = -704, 494 = -t*l + 2*h - 562. Let d = -161 - l. Is d a prime number?
True
Let t(v) = -36*v - 1. Let u(g) = g**2 - 12*g - 8. Let z be u(12). Is t(z) a prime number?
False
Let y(w) = -w**2 + 6*w - 3. Let p be y(4). Suppose p*b = b. Suppose b = 3*o + h - 59 - 105, 28 = o - 5*h. Is o composite?
False
Suppose -15*k = -13*k - 662. Is k composite?
False
Suppose 3*g - 162 - 975 = 0. Is g a composite number?
False
Suppose -5*g + 3*l - 2*l + 9 = 0, -4*g - 8 = 3*l. Suppose -2*y = 3 - g. Let i(w) = 211*w**2 - w - 1. Is i(y) prime?
True
Let f be 1/(-4) + (-4265)/(-20). Let t = f - -676. Is t a composite number?
True
Let o be -3*(83/(-3) + 2). Let m = 5 - 1. Suppose m*x = -o + 289. Is x composite?
False
Let x be (-28)/(-70) + (-26)/(-10). Suppose -x*v + 715 = -92. Is v prime?
True
Suppose 0*a = -2*a + 138. Is a a composite number?
True
Is (-69)/(-46) + 13230/4 prime?
False
Suppose 2*l + l = 4*f + 15, 3*f = -l + 5. Suppose 0 = v - 5*b - 99, 3*v - b + 41 - 310 = f. Is v a composite number?
False
Suppose -3*r = 5*z - 5*r + 144, -3*r - 9 = 0. Suppose g = 2*g - 157. Let k = g + z. Is k a composite number?
False
Let h = -110 - -667. Is h a prime number?
True
Let v = 16 - -88. Suppose 4*n - 3 = 1, 0 = 4*c + 4*n - v. Is c a composite number?
True
Suppose -316 - 6412 = -4*f. Is f/4 - 18/(-12) prime?
False
Let z be (52/91)/((-1)/(-7)). Suppose -674 = -z*f + 2*f. Is f prime?
True
Let u = -765 + 1516. Is u prime?
True
Let x(w) = 3*w - 3. Let s be x(2). Let q be 3/2 - (-1)/2. Suppose -n + 55 = n + s*k, q*n = 4*k + 34. Is n a prime number?
True
Let i = -15 - -18. Suppose i*c - 375 = -36. Is c a prime number?
True
Suppose -12 = 3*c + 3*t, 4*c + t = 2*c - 6. Let v(b) = b**3 + 7*b**2 - 8*b + 2. Let q be v(-8). Is 7*(1 + c + q) a composite number?
False
Let y(h) = -h**3 - 6*h**2 + 6*h - 4. Let x be y(-7). Let k(l) = -6 + 29*l + x - 3 + 5. Is k(2) a composite number?
True
Suppose 5*l = 2*u + l - 158, -2*l = -5*u + 395. Is u composite?
False
Is 196 + 6 + 1 + -4 composite?
False
Let q(k) = k**2 - 2*k + 86. Is q(0) prime?
False
Suppose 0 = -4*s + 9055 - 299. Is s a composite number?
True
Suppose 0 = 2*b + 6, 5*p - 799 = 4*b + 908. Is p prime?
False
Suppose -2*z - 3*z = -25. Suppose 2*j + 3*o - 259 = 0, -620 = -z*j - o - o. Is j composite?
True
Suppose -5*m = -390 - 5. Is m a prime number?
True
Let a = -496 - -877. Is a composite?
True
Suppose -4*x + 6*x - 902 = 0. Is x a composite number?
True
Let q = 407 - 216. Is q prime?
True
Let p(w) = -6 - 7*w - 3 + 6*w + 3. Let u be p(-4). Is (-34)/(-4) - u/4 a composite number?
True
Let q = 89 - 70. Is q composite?
False
Suppose 2*p - 3 = -1. Is 3*(6/p - 1) a composite number?
True
Suppose -3*l = -d + 6*d - 20, d = -4*l + 38. Suppose -3*n = -3*w + 297, 3*n + 2*n + l = 0. Let x = w - -18. Is x a composite number?
True
Suppose -5*n - 6*n + 979 = 0. Is n composite?
False
Let n(m) = 146*m**2 - 2*m + 1. Is n(2) composite?
True
Let y(a) = a - 1. Let i be y(6). Suppose -25 + i = -5*p. Suppose -p*o - 447 = -7*o. Is o prime?
True
Let s = -2 - -8. Suppose -4*p - s = -o + 51, -p + 2 = 0. Is o a prime number?
False
Is (2 + 0 + 51)/1 composite?
False
Let p = 141 + 3. Suppose p = -3*l - 5*w, 0*w = -5*w - 15. Let n = l + 80. Is n a composite number?
False
Suppose 0 = n - 34 - 58. Is (-1)/(-2*2/n) a prime number?
True
Is 716/6 - 2/6 composite?
True
Suppose -2 = 2*a - a. Let f(q) = -13*q**2 + q + 2. Let r be f(a). Let s = 59 - r. Is s composite?
True
Let w = 1 + -1. Is (1 + w)*(1 + 14) a composite number?
True
Let u(h) = h**3 + 7*h**2 + 6*h + 9. Let g be u(-6). Let q = g - -74. Suppose -248 - q = -4*i + 3*c, -2*i + 178 = -4*c. Is i a prime number?
True
Let j be 155*((-28)/10 - -2). Let p = 221 + j. Is p a prime number?
True
Suppose 4*j = -5*p + 25, 5*j - 18 = 3*p + 4. Suppose -5*w + 40 = d, p = 2*d + 3*w - 44. Is d a prime number?
False
Suppose 0 = -2*v + 5*f - 8 + 137, 2*f = -5*v + 279. Suppose -p + 0*p + v = 0. Is p a composite number?
True
Let u be (-1732)/(-10) + 1/(-5). Let j = u - 106. Is j a prime number?
True
Suppose 2*t - 5 = t. Suppose t*l = 30 + 5. Is l prime?
True
Let t be 1 - (45 + -2 - 2). Let l = 73 + t. Is l a composite number?
True
Let x be 29 - -1 - (-5 - -5). Suppose 5*z - 85 = x. Is z a composite number?
False
Is 508/6*((-66)/(-12) - -2) a prime number?
False
Let t(r) = 43*r**2 + r. Let v be t(1). Is v/6*60/8 a prime number?
False
Let y(c) = 3*c - 1. Let a be y(2). Is 3 + (2 - a) - -291 composite?
True
Let v(w) = -w**3 + 3*w**2 + 5*w - 2. Let c be v(4). Suppose 3*t = -d, 0 = 4*t - 3*d + c*d - 7. Is (3/t)/(3/21) prime?
False
Let r(f) be the first derivative of 5*f**4/12 + f**3/3 + f**2 - 2*f + 3. Let b(j) be the first derivative of r(j). Is b(3) prime?
True
Let t(d) = 251*d. Is t(1) composite?
False
Let g(y) = y + 1. Let r be g(5). Let d(b) = -b**2 + 7*b - 9. Let m be d(r). Is m/((-9)/(-6)) - -21 composite?
False
Let w(n) = n**3 + 7*n**2 - 10*n - 12. Let a be w(-8). Suppose -7 = -a*l + 3*l. Suppose 3*o - l*o = -596. Is o a composite number?
False
Suppose 3*j + 2*s = 43, -5*j + 3*s - 50 + 128 = 0. Suppose 5*l - 2*l - j = 0. Suppose -39 = -l*w - c, -w + c + 3 = -0*c. Is w composite?
False
Suppose -165 - 713 = -2*b. Is b a composite number?
False
Suppose -m + 802 = 261. Is m a composite number?
False
Suppose 3*a - 6 = 2*a. Let f(d) = 9*d**2 + 2*d - 1. Is f(a) composite?
True
Let y = 226 + -131. Suppose 0 = 3*p - y + 2. Is p prime?
True
Let o = -26 + 117. Is o prime?
False
Suppose -5*o = 2*r - 7, 4*o = -3*r + 5*r - 52. Is (-2 - -1)*1 + r prime?
False
Let b(s) be the second derivative of -121*s**3/6 + 4*s. Is b(-1) composite?
True
Let q(t) be the first derivative of t**4/4 + 2*t**3/3 - t**2 - t - 3. Let d be q(-2). Suppose 0 = -4*z - d*h + 181, h - 3 = -0. Is z a prime number?
True
Let c(i) = i - 11. Let h(b) = b - 12. Let o(y) = -5*c(y) + 4*h(y). Let k be o(5). Suppose -k*u = -5*s - 102 + 497, 0 = -4*s + u + 313. Is s a prime number?
False
Let x be 0 + -1 - (-5 + 2). Suppose x*n - 218 = 804. Is n prime?
False
Let r(l) = l + 1. Let j be r(4). Suppose -j*m + p + 4378 = 2*p, 2*m + 2*p = 1756. Is m/9 + (-4)/18 a composite number?
False
Let u(c) = 16*c**3 - 6*c + 5. Let n(f) = 3*f**3 - f + 1. Let i(p) = 11*n(p) - 2*u(p). Is i(2) a prime number?
True
Is 124 + (-3)/(-2)*-2 a composite number?
True
Let o = 227 - -12. Is o a prime number?
True
Let v = 46 + 123. Is v a prime number?
False
Let h(y) = 1. Let z(t) = -5*t**2 - 2*t - 3. Let k(v) = -5*h(v) - z(v). Is k(3) a composite number?
True
Let p(w) = 6*w + 1. Let i(o) = o**2 + 5*o - 7. Let z be i(-6). Let v be p(z). Let y(q) = q**3 + 4*q**2 - 6*q - 1. Is y(v) composite?
True
Let f(j) = j**2 + 1. Let s be f(1). Suppose -4*t = s*d - t - 609, 0 = -4*t + 20. Is d/2 + (-2)/(-4) a prime number?
True
Le